3514 is divided by 295771?
33
Calculate the remainder when 155512332 is divided by 165.
162
Calculate the remainder when 21956 is divided by 10006.
1944
What is the remainder when 90068 is divided by 2953?
1478
Calculate the remainder when 292213 is divided by 96988.
1249
Calculate the remainder when 108904226 is divided by 262.
258
What is the remainder when 15668523 is divided by 27?
18
What is the remainder when 3024586 is divided by 159185?
71
Calculate the remainder when 33955 is divided by 10706.
1837
What is the remainder when 3990900 is divided by 181379?
562
Calculate the remainder when 940468 is divided by 470227.
14
What is the remainder when 2946110 is divided by 15108?
50
Calculate the remainder when 132047508 is divided by 779.
776
Calculate the remainder when 1353234 is divided by 477.
462
Calculate the remainder when 698652 is divided by 7250.
2652
What is the remainder when 116171 is divided by 216?
179
Calculate the remainder when 497472 is divided by 993.
972
Calculate the remainder when 2408409 is divided by 1275.
1209
What is the remainder when 1225602 is divided by 1274?
14
What is the remainder when 26185 is divided by 3702?
271
What is the remainder when 1793358 is divided by 4661?
3534
Calculate the remainder when 94051407 is divided by 58.
57
What is the remainder when 15648252 is divided by 256?
252
What is the remainder when 5273802 is divided by 2636899?
4
What is the remainder when 3768673 is divided by 81926?
77
What is the remainder when 9161096 is divided by 222?
44
Calculate the remainder when 8431343 is divided by 2088.
2087
What is the remainder when 233084 is divided by 77601?
281
Calculate the remainder when 2049 is divided by 1282.
767
What is the remainder when 10703209 is divided by 220?
209
Calculate the remainder when 66579593 is divided by 6780.
6773
Calculate the remainder when 4787813 is divided by 8074.
8005
Calculate the remainder when 21535029 is divided by 8182.
5
Calculate the remainder when 1224744 is divided by 306179.
28
Calculate the remainder when 2224643 is divided by 556157.
15
What is the remainder when 83620992 is divided by 788?
8
What is the remainder when 588571 is divided by 11536?
235
What is the remainder when 78668 is divided by 85?
43
What is the remainder when 15442 is divided by 14379?
1063
Calculate the remainder when 3054489 is divided by 3602.
3595
What is the remainder when 544775 is divided by 109?
102
Calculate the remainder when 4483049 is divided by 444.
425
Calculate the remainder when 319072 is divided by 2594.
10
Calculate the remainder when 346536 is divided by 5171.
79
Calculate the remainder when 30856 is divided by 1378.
540
What is the remainder when 1501704 is divided by 9?
0
Calculate the remainder when 17859731 is divided by 5953239.
14
What is the remainder when 596768 is divided by 10114?
42
What is the remainder when 252202 is divided by 126068?
66
What is the remainder when 182999 is divided by 36597?
14
Calculate the remainder when 22423894 is divided by 7474618.
40
Calculate the remainder when 21395571 is divided by 2266.
2265
Calculate the remainder when 2558135 is divided by 2613.
8
What is the remainder when 149308 is divided by 24586?
1792
Calculate the remainder when 534473 is divided by 531607.
2866
What is the remainder when 4353140 is divided by 4099?
2
Calculate the remainder when 267266 is divided by 1355.
331
What is the remainder when 513170 is divided by 171054?
8
Calculate the remainder when 1055827 is divided by 63.
10
What is the remainder when 10183766 is divided by 175?
166
Calculate the remainder when 2076515 is divided by 7956.
7955
What is the remainder when 212595 is divided by 2732?
2231
What is the remainder when 326249 is divided by 4372?
2721
Calculate the remainder when 891688170 is divided by 1909.
1906
Calculate the remainder when 6856728 is divided by 17902.
262
Calculate the remainder when 5467101 is divided by 5467000.
101
What is the remainder when 28649526 is divided by 24?
6
Calculate the remainder when 4402912 is divided by 2067.
202
What is the remainder when 215390 is divided by 558?
2
Calculate the remainder when 5225760 is divided by 1990.
20
Calculate the remainder when 2268631 is divided by 2641.
12
Calculate the remainder when 3838147038 is divided by 7280.
7278
Calculate the remainder when 1240034 is divided by 3221.
3170
Calculate the remainder when 4029569 is divided by 51661.
11
What is the remainder when 127205 is divided by 757?
29
What is the remainder when 22867035 is divided by 22867014?
21
Calculate the remainder when 569710 is divided by 286.
284
What is the remainder when 541480914 is divided by 180493636?
6
What is the remainder when 109727 is divided by 13495?
1767
What is the remainder when 42918 is divided by 1476?
114
Calculate the remainder when 1064056 is divided by 1470.
1246
What is the remainder when 889447 is divided by 50?
47
What is the remainder when 368597 is divided by 2194?
5
What is the remainder when 7531399 is divided by 2510463?
10
What is the remainder when 200886 is divided by 16736?
54
Calculate the remainder when 134565 is divided by 42091.
8292
Calculate the remainder when 23904 is divided by 21918.
1986
Calculate the remainder when 30984 is divided by 62.
46
What is the remainder when 1366629577 is divided by 1114?
1113
Calculate the remainder when 1650266 is divided by 1304.
706
What is the remainder when 24404038 is divided by 117327?
22
What is the remainder when 130705654 is divided by 13070565?
4
What is the remainder when 508332 is divided by 844?
244
Calculate the remainder when 19809 is divided by 664.
553
What is the remainder when 238381 is divided by 2408?
2397
What is the remainder when 54195 is divided by 13320?
915
What is the remainder when 778538375 is divided by 231?
230
Calculate the remainder when 4291510 is divided by 29.
3
What is the remainder when 151009 is divided by 75435?
139
Calculate the remainder when 444757 is divided by 287.
194
Calculate the remainder when 39736667 is divided by 19.
10
Calculate the remainder when 2713699897 is divided by 17.
12
What is the remainder when 86148252 is divided by 689186?
2
Calculate the remainder when 1100921 is divided by 45870.
41
Calculate the remainder when 988587 is divided by 494196.
195
Calculate the remainder when 407619 is divided by 1132.
99
Calculate the remainder when 5720261 is divided by 54.
41
What is the remainder when 8284002 is divided by 87200?
2
Calculate the remainder when 159086 is divided by 899.
862
What is the remainder when 1046468 is divided by 150?
68
What is the remainder when 1160782 is divided by 23689?
21
Calculate the remainder when 1422762 is divided by 233.
64
What is the remainder when 683793 is divided by 1874?
1657
What is the remainder when 6087438 is divided by 304371?
18
Calculate the remainder when 170400086 is divided by 5089.
10
Calculate the remainder when 45408701 is divided by 45408669.
32
What is the remainder when 1186449 is divided by 53929?
11
What is the remainder when 29537 is divided by 317?
56
Calculate the remainder when 463470 is divided by 1198.
1042
What is the remainder when 1336566 is divided by 26165?
2151
Calculate the remainder when 87502 is divided by 6105.
2032
Calculate the remainder when 176175 is divided by 5632.
1583
What is the remainder when 49399112 is divided by 207?
11
Calculate the remainder when 4928966 is divided by 2261.
2247
Calculate the remainder when 127041 is divided by 75.
66
What is the remainder when 4108602 is divided by 410?
402
Calculate the remainder when 46136989 is divided by 250.
239
Calculate the remainder when 87322512 is divided by 2604.
2580
What is the remainder when 408607 is divided by 135782?
1261
Calculate the remainder when 42340 is divided by 32.
4
What is the remainder when 1008029 is divided by 182?
113
What is the remainder when 228592 is divided by 70?
42
What is the remainder when 14630806 is divided by 4876933?
7
What is the remainder when 57090212 is divided by 271?
268
Calculate the remainder when 5937387 is divided by 1783.
1780
Calculate the remainder when 2480977 is divided by 107868.
13
What is the remainder when 7960101 is divided by 1137140?
121
What is the remainder when 156957 is div